at is the remainder when 3370 is divided by 1631?
108
What is the remainder when 1446 is divided by 60?
6
Calculate the remainder when 17799 is divided by 186.
129
Calculate the remainder when 3556 is divided by 166.
70
Calculate the remainder when 172267 is divided by 115.
112
Calculate the remainder when 514835 is divided by 47.
44
Calculate the remainder when 39636 is divided by 53.
45
Calculate the remainder when 259233 is divided by 73.
10
Calculate the remainder when 27928 is divided by 11.
10
Calculate the remainder when 280367 is divided by 1005.
977
Calculate the remainder when 554 is divided by 403.
151
What is the remainder when 257298 is divided by 183?
0
Calculate the remainder when 50497 is divided by 306.
7
What is the remainder when 433930 is divided by 12?
10
Calculate the remainder when 14137 is divided by 788.
741
Calculate the remainder when 57875 is divided by 402.
389
Calculate the remainder when 209809 is divided by 104864.
81
Calculate the remainder when 2296 is divided by 333.
298
Calculate the remainder when 22745 is divided by 455.
450
What is the remainder when 46525 is divided by 3100?
25
Calculate the remainder when 14083 is divided by 221.
160
What is the remainder when 28393 is divided by 98?
71
Calculate the remainder when 249112 is divided by 41517.
10
What is the remainder when 10828 is divided by 30?
28
What is the remainder when 19032 is divided by 47?
44
What is the remainder when 131984 is divided by 394?
388
Calculate the remainder when 245496 is divided by 61373.
4
Calculate the remainder when 28676 is divided by 9471.
263
What is the remainder when 1336 is divided by 309?
100
Calculate the remainder when 116295 is divided by 881.
3
Calculate the remainder when 3390 is divided by 518.
282
What is the remainder when 6987 is divided by 3469?
49
Calculate the remainder when 365576 is divided by 112.
8
What is the remainder when 250774 is divided by 108?
106
Calculate the remainder when 21549 is divided by 139.
4
What is the remainder when 8037 is divided by 8?
5
What is the remainder when 108770 is divided by 142?
140
Calculate the remainder when 9582 is divided by 134.
68
What is the remainder when 250151 is divided by 45?
41
What is the remainder when 29611 is divided by 78?
49
Calculate the remainder when 232420 is divided by 1519.
13
What is the remainder when 85844 is divided by 965?
924
What is the remainder when 11963 is divided by 31?
28
Calculate the remainder when 307 is divided by 62.
59
What is the remainder when 3122 is divided by 212?
154
What is the remainder when 9496 is divided by 4?
0
Calculate the remainder when 17062 is divided by 1547.
45
What is the remainder when 3038 is divided by 162?
122
Calculate the remainder when 42414 is divided by 5301.
6
What is the remainder when 77435 is divided by 717?
716
Calculate the remainder when 31212 is divided by 188.
4
What is the remainder when 4885 is divided by 1545?
250
What is the remainder when 1774425 is divided by 804?
801
Calculate the remainder when 77460 is divided by 72.
60
Calculate the remainder when 57507 is divided by 53.
2
What is the remainder when 518775 is divided by 75?
0
What is the remainder when 7733 is divided by 281?
146
Calculate the remainder when 41123 is divided by 12.
11
Calculate the remainder when 13754 is divided by 4565.
59
Calculate the remainder when 57823 is divided by 697.
669
Calculate the remainder when 1322 is divided by 165.
2
Calculate the remainder when 21457 is divided by 21438.
19
What is the remainder when 200447 is divided by 32?
31
Calculate the remainder when 5050 is divided by 14.
10
What is the remainder when 289625 is divided by 51?
47
What is the remainder when 21104 is divided by 95?
14
What is the remainder when 370147 is divided by 72?
67
What is the remainder when 572884 is divided by 190961?
1
Calculate the remainder when 14392 is divided by 435.
37
What is the remainder when 37486 is divided by 30?
16
Calculate the remainder when 536720 is divided by 1322.
1310
What is the remainder when 2462 is divided by 26?
18
What is the remainder when 65037 is divided by 12991?
82
Calculate the remainder when 5214 is divided by 193.
3
Calculate the remainder when 25651 is divided by 1285.
1236
Calculate the remainder when 3374 is divided by 1077.
143
Calculate the remainder when 577692 is divided by 278.
8
What is the remainder when 119423 is divided by 96?
95
What is the remainder when 9045 is divided by 2136?
501
What is the remainder when 249834 is divided by 21?
18
Calculate the remainder when 23964 is divided by 608.
252
Calculate the remainder when 14515 is divided by 162.
97
What is the remainder when 1588637 is divided by 20?
17
Calculate the remainder when 16900 is divided by 34.
2
What is the remainder when 495 is divided by 83?
80
Calculate the remainder when 10847 is divided by 60.
47
Calculate the remainder when 5250 is divided by 46.
6
Calculate the remainder when 126 is divided by 4.
2
Calculate the remainder when 5009 is divided by 55.
4
Calculate the remainder when 2334 is divided by 7.
3
What is the remainder when 1753242 is divided by 37?
34
What is the remainder when 262306 is divided by 170?
166
Calculate the remainder when 53045 is divided by 214.
187
Calculate the remainder when 184494 is divided by 25.
19
Calculate the remainder when 109874 is divided by 426.
392
What is the remainder when 390 is divided by 186?
18
Calculate the remainder when 2926192 is divided by 975393.
13
What is the remainder when 9199 is divided by 287?
15
What is the remainder when 1173742 is divided by 36?
34
What is the remainder when 20471 is divided by 256?
247
Calculate the remainder when 20724 is divided by 10345.
34
What is the remainder when 343236 is divided by 40?
36
What is the remainder when 17395 is divided by 3477?
10
Calculate the remainder when 27465 is divided by 9152.
9
What is the remainder when 161148 is divided by 159?
81
Calculate the remainder when 20849 is divided by 22.
15
Calculate the remainder when 1387 is divided by 1106.
281
Calculate the remainder when 10062 is divided by 10053.
9
Calculate the remainder when 201 is divided by 42.
33
What is the remainder when 11995 is divided by 1167?
325
Calculate the remainder when 2894 is divided by 2746.
148
What is the remainder when 865125 is divided by 638?
635
What is the remainder when 1744 is divided by 1283?
461
Calculate the remainder when 1865 is divided by 374.
369
What is the remainder when 81224 is divided by 620?
4
Calculate the remainder when 2503 is divided by 496.
23
Calculate the remainder when 48901 is divided by 2438.
141
What is the remainder when 486937 is divided by 579?
577
What is the remainder when 277893 is divided by 88?
77
What is the remainder when 4986 is divided by 1647?
45
What is the remainder when 5996 is divided by 2993?
10
What is the remainder when 44435 is divided by 7399?
41
What is the remainder when 11875022 is divided by 411?
410
What is the remainder when 3790 is divided by 1872?
46
What is the remainder when 4277 is divided by 1325?
302
What is the remainder when 4839 is divided by 312?
159
Calculate the remainder when 9043 is divided by 28.
27
Calculate the remainder when 27252 is divided by 27217.
35
Calculate the remainder when 594277 is divided by 166.
163
What is the remainder when 34187 is divided by 219?
23
Calculate the remainder when 41499 is divided by 192.
27
Calculate the remainder when 3749 is divided by 3738.
11
Calculate the remainder when 763261 is divided by 913.
906
What is the remainder when 269 is divided by 229?
40
What is the remainder when 10340 is divided by 452?
396
Calculate the remainder when 675 is divided by 660.
15
Calculate the remainder when 4681 is divided by 16.
9
Calculate the remainder when 161068 is divided by 10.
8
What is the remainder when 1463 is divided by 326?
159
Calculate the remainder when 24914 is divided by 201.
191
Calculate the remainder when 249898 is divided by 926.
804
Calculate the remainder when 23990 is divided by 1262.
12
Calculate the remainder when 11892 is divided by 15.
12
Calculate the remainder when 5005 is divided by 265.
235
What is the remainder when 916 is divided by 52?
32
What is the remainder when 15813 is divided b